{"id":564,"date":"2025-04-24T16:19:00","date_gmt":"2025-04-24T16:19:00","guid":{"rendered":"https:\/\/blog.elborjdomiciliation.com\/blog\/blog\/"},"modified":"2025-04-28T00:42:55","modified_gmt":"2025-04-28T00:42:55","slug":"domiciliation-entreprise-a-rabat","status":"publish","type":"page","link":"https:\/\/blog.elborjdomiciliation.com\/blog\/domiciliation-entreprise-a-rabat\/","title":{"rendered":"Blog"},"content":{"rendered":"\n<div style=\"margin-top:var(--wp--preset--spacing--60);margin-bottom:var(--wp--preset--spacing--60);height:82px\" aria-hidden=\"true\" class=\"wp-block-spacer\"><\/div>\n\n\n\n<div class=\"wp-block-uagb-container uagb-block-b7e93292 alignfull uagb-is-root-container\"><div class=\"uagb-container-inner-blocks-wrap\">\n<h2 class=\"wp-block-heading\">Bienvenue dans votre espace d\u00e9di\u00e9 \u00e0 l\u2019entrepreneuriat au Maroc<\/h2>\n\n\n\n<p>Vous r\u00eavez de lancer votre propre entreprise au Maroc ? Le blog <strong>El Borj Domiciliation<\/strong> vous accompagne \u00e0 chaque \u00e9tape : id\u00e9es, d\u00e9marches administratives, choix du statut, fiscalit\u00e9, et bien plus. Nos articles sont con\u00e7us pour vous aider \u00e0 gagner du temps, \u00e9viter les erreurs et r\u00e9ussir votre projet d\u00e8s le d\u00e9part. Profitez de nos ressources gratuites et concr\u00e8tes, et d\u00e9marrez votre aventure entrepreneuriale avec confiance !<\/p>\n<\/div><\/div>\n\n\n\n\t\t\t<div class=\"wp-block-uagb-post-grid uagb-post-grid  uagb-post__image-position-top uagb-post__image-enabled uagb-block-70ad4471     uagb-post__items uagb-post__columns-3 is-grid uagb-post__columns-tablet-2 uagb-post__columns-mobile-1 uagb-post__equal-height\" data-total=\"1\" style=\"\">\n\n\t\t\t\t\t\t\t\t\t\t\t\t<article class=\"uagb-post__inner-wrap\">\t\t\t\t\t\t\t\t<div class='uagb-post__image'>\n\t\t\t\t\t\t\t\t\t<a href=\"https:\/\/blog.elborjdomiciliation.com\/blog\/creer-une-entreprise-au-maroc\/\" target=\"_self\" rel=\"bookmark noopener noreferrer\" class='uagb-image-ratio-inherit'><img fetchpriority=\"high\" decoding=\"async\" width=\"683\" height=\"1024\" src=\"https:\/\/blog.elborjdomiciliation.com\/blog\/wp-content\/uploads\/2025\/04\/pexels-photo-3178818-683x1024.jpeg\" class=\"attachment-large size-large\" alt=\"Domiciliation entreprise Rabat\" \/>\t\t\t\t\t<\/a>\n\t\t\t\t\t\t\t<\/div>\n\t\t\t\t\t\t<h4 class=\"uagb-post__title uagb-post__text\">\n\t\t\t\t<a href=\"https:\/\/blog.elborjdomiciliation.com\/blog\/creer-une-entreprise-au-maroc\/\" target=\"_self\" rel=\"bookmark noopener noreferrer\">Comment cr\u00e9er une entreprise au Maroc<\/a>\n\t\t\t<\/h4>\n\t\t\t\t\t\t<div class='uagb-post__text uagb-post-grid-byline'>\n\t\t\t\t\t\t\t\t<time datetime=\"2025-04-28T01:22:40+00:00\" class=\"uagb-post__date\">\n\t\t\t\t<span class=\"dashicons-calendar dashicons\"><\/span>\t\t\t\t\tApril 28, 2025\t\t\t\t<\/time>\n\t\t\t\t\t\t<\/div>\n\t\t\t\t\t\t\t<div class='uagb-post__text uagb-post__excerpt'>\n\t\t\t\t\t<p>Comment cr\u00e9er une entreprise au Maroc \u00e0 Rabat : Un Guide Complet Introduction : Cr\u00e9er une entreprise au Maroc est une \u00e9tape passionnante mais n\u00e9cessite de suivre un processus pr\u00e9cis pour garantir le succ\u00e8s de votre projet. Du choix du statut juridique \u00e0 l&#8217;immatriculation officielle, chaque \u00e9tape doit \u00eatre r\u00e9alis\u00e9e&#8230;\t\t\t\t<\/div>\n\t\t\t\t\t\t<div class=\"uagb-post__text uagb-post__cta wp-block-button\">\n\t\t\t\t<a class=\"wp-block-button__link uagb-text-link\" style=\"\" href=\"https:\/\/blog.elborjdomiciliation.com\/blog\/creer-une-entreprise-au-maroc\/\" target=\"_self\" rel=\"bookmark noopener noreferrer\">Read More<\/a>\n\t\t\t<\/div>\n\t\t\t\n\t\t\t\t\t\t\t\t\t<\/article>\n\t\t\t\t\t\t\t\t\t\t\t\t\t\t\t\t<article class=\"uagb-post__inner-wrap\">\t\t\t\t\t\t\t\t<div class='uagb-post__image'>\n\t\t\t\t\t\t\t\t\t<a href=\"https:\/\/blog.elborjdomiciliation.com\/blog\/domiciliation-entreprise-rabat\/\" target=\"_self\" rel=\"bookmark noopener noreferrer\" class='uagb-image-ratio-inherit'><img decoding=\"async\" width=\"683\" height=\"1024\" src=\"https:\/\/blog.elborjdomiciliation.com\/blog\/wp-content\/uploads\/2025\/04\/pexels-photo-1181292-683x1024.jpeg\" class=\"attachment-large size-large\" alt=\"Cr\u00e9er une entreprise au Maroc\" srcset=\"https:\/\/blog.elborjdomiciliation.com\/blog\/wp-content\/uploads\/2025\/04\/pexels-photo-1181292-683x1024.jpeg 683w, https:\/\/blog.elborjdomiciliation.com\/blog\/wp-content\/uploads\/2025\/04\/pexels-photo-1181292-200x300.jpeg 200w, https:\/\/blog.elborjdomiciliation.com\/blog\/wp-content\/uploads\/2025\/04\/pexels-photo-1181292.jpeg 700w\" sizes=\"(max-width: 683px) 100vw, 683px\" \/>\t\t\t\t\t<\/a>\n\t\t\t\t\t\t\t<\/div>\n\t\t\t\t\t\t<h4 class=\"uagb-post__title uagb-post__text\">\n\t\t\t\t<a href=\"https:\/\/blog.elborjdomiciliation.com\/blog\/domiciliation-entreprise-rabat\/\" target=\"_self\" rel=\"bookmark noopener noreferrer\">Prix de la Domiciliation<\/a>\n\t\t\t<\/h4>\n\t\t\t\t\t\t<div class='uagb-post__text uagb-post-grid-byline'>\n\t\t\t\t\t\t\t\t<time datetime=\"2025-04-27T23:24:37+00:00\" class=\"uagb-post__date\">\n\t\t\t\t<span class=\"dashicons-calendar dashicons\"><\/span>\t\t\t\t\tApril 27, 2025\t\t\t\t<\/time>\n\t\t\t\t\t\t<\/div>\n\t\t\t\t\t\t\t<div class='uagb-post__text uagb-post__excerpt'>\n\t\t\t\t\t<p>Prix de la Domiciliation d\u2019Entreprise \u00e0 Rabat : Tout ce que Vous Devez Savoir en 2025 Introduction | domiciliation entreprise Rabat \u00e0 partir de 75 dh\/Mois : La domiciliation d\u2019entreprise \u00e0 Rabat est une \u00e9tape cruciale pour toute nouvelle entreprise souhaitant s&#8217;implanter et \u00e9tablir une adresse l\u00e9gale dans la capitale&#8230;\t\t\t\t<\/div>\n\t\t\t\t\t\t<div class=\"uagb-post__text uagb-post__cta wp-block-button\">\n\t\t\t\t<a class=\"wp-block-button__link uagb-text-link\" style=\"\" href=\"https:\/\/blog.elborjdomiciliation.com\/blog\/domiciliation-entreprise-rabat\/\" target=\"_self\" rel=\"bookmark noopener noreferrer\">Read More<\/a>\n\t\t\t<\/div>\n\t\t\t\n\t\t\t\t\t\t\t\t\t<\/article>\n\t\t\t\t\t\t\t\t\t\t\t<\/div>\n\t\t\t\n\n\n<div style=\"margin-top:var(--wp--preset--spacing--60);margin-bottom:var(--wp--preset--spacing--60);height:0px\" aria-hidden=\"true\" class=\"wp-block-spacer\"><\/div>\n\n\n\t\t\t<div data-aos= \"fade-up\" data-aos-duration=\"400\" data-aos-delay=\"0\" data-aos-easing=\"ease\" data-aos-once=\"true\" \n\t\t\tclass=\"wp-block-uagb-google-map uagb-google-map__wrap uagb-block-26f18263     \"\n\t\t\tstyle=\"\" >\n\t\t\t\t<embed\n\t\t\t\t\tclass=\"uagb-google-map__iframe\"\n\t\t\t\t\ttitle=\"Google Map for \"\n\t\t\t\t\tsrc=\"https:\/\/maps.google.com\/maps?q=Brainstorm%20Force&#038;z=15&#038;hl=fr&#038;t=m&#038;output=embed&#038;iwloc=near\"\n\t\t\t\t\twidth=\"640\"\n\t\t\t\t\theight=\"300\"\n\t\t\t\t\tloading=\"lazy\"\n\t\t\t\t><\/embed>\n\t\t\t<\/div>\n\t\t\t\n\n\n<p><\/p>\n","protected":false},"excerpt":{"rendered":"<p>Bienvenue dans votre espace d\u00e9di\u00e9 \u00e0 l\u2019entrepreneuriat au Maroc Vous r\u00eavez de lancer votre propre entreprise au Maroc ? Le [&hellip;]<\/p>\n","protected":false},"author":1,"featured_media":33,"parent":0,"menu_order":40,"comment_status":"closed","ping_status":"closed","template":"","meta":{"_uag_custom_page_level_css":"","site-sidebar-layout":"no-sidebar","site-content-layout":"","ast-site-content-layout":"normal-width-container","site-content-style":"default","site-sidebar-style":"default","ast-global-header-display":"","ast-banner-title-visibility":"","ast-main-header-display":"","ast-hfb-above-header-display":"","ast-hfb-below-header-display":"","ast-hfb-mobile-header-display":"","site-post-title":"disabled","ast-breadcrumbs-content":"","ast-featured-img":"disabled","footer-sml-layout":"","theme-transparent-header-meta":"enabled","adv-header-id-meta":"","stick-header-meta":"","header-above-stick-meta":"","header-main-stick-meta":"","header-below-stick-meta":"","astra-migrate-meta-layouts":"default","ast-page-background-enabled":"default","ast-page-background-meta":{"desktop":{"background-color":"var(--ast-global-color-4)","background-image":"","background-repeat":"repeat","background-position":"center center","background-size":"auto","background-attachment":"scroll","background-type":"","background-media":"","overlay-type":"","overlay-color":"","overlay-opacity":"","overlay-gradient":""},"tablet":{"background-color":"","background-image":"","background-repeat":"repeat","background-position":"center center","background-size":"auto","background-attachment":"scroll","background-type":"","background-media":"","overlay-type":"","overlay-color":"","overlay-opacity":"","overlay-gradient":""},"mobile":{"background-color":"","background-image":"","background-repeat":"repeat","background-position":"center center","background-size":"auto","background-attachment":"scroll","background-type":"","background-media":"","overlay-type":"","overlay-color":"","overlay-opacity":"","overlay-gradient":""}},"ast-content-background-meta":{"desktop":{"background-color":"var(--ast-global-color-5)","background-image":"","background-repeat":"repeat","background-position":"center center","background-size":"auto","background-attachment":"scroll","background-type":"","background-media":"","overlay-type":"","overlay-color":"","overlay-opacity":"","overlay-gradient":""},"tablet":{"background-color":"var(--ast-global-color-5)","background-image":"","background-repeat":"repeat","background-position":"center center","background-size":"auto","background-attachment":"scroll","background-type":"","background-media":"","overlay-type":"","overlay-color":"","overlay-opacity":"","overlay-gradient":""},"mobile":{"background-color":"var(--ast-global-color-5)","background-image":"","background-repeat":"repeat","background-position":"center center","background-size":"auto","background-attachment":"scroll","background-type":"","background-media":"","overlay-type":"","overlay-color":"","overlay-opacity":"","overlay-gradient":""}},"footnotes":""},"class_list":["post-564","page","type-page","status-publish","has-post-thumbnail","hentry"],"uagb_featured_image_src":{"full":["https:\/\/blog.elborjdomiciliation.com\/blog\/wp-content\/uploads\/2025\/04\/pexels-photo-3178818-e1745940313706.jpeg",700,700,false],"thumbnail":["https:\/\/blog.elborjdomiciliation.com\/blog\/wp-content\/uploads\/2025\/04\/pexels-photo-3178818-e1745940313706-150x150.jpeg",150,150,true],"medium":["https:\/\/blog.elborjdomiciliation.com\/blog\/wp-content\/uploads\/2025\/04\/pexels-photo-3178818-e1745940313706-300x300.jpeg",300,300,true],"medium_large":["https:\/\/blog.elborjdomiciliation.com\/blog\/wp-content\/uploads\/2025\/04\/pexels-photo-3178818-e1745940313706.jpeg",700,700,false],"large":["https:\/\/blog.elborjdomiciliation.com\/blog\/wp-content\/uploads\/2025\/04\/pexels-photo-3178818-683x1024.jpeg",683,1024,true],"1536x1536":["https:\/\/blog.elborjdomiciliation.com\/blog\/wp-content\/uploads\/2025\/04\/pexels-photo-3178818-e1745940313706.jpeg",700,700,false],"2048x2048":["https:\/\/blog.elborjdomiciliation.com\/blog\/wp-content\/uploads\/2025\/04\/pexels-photo-3178818-e1745940313706.jpeg",700,700,false]},"uagb_author_info":{"display_name":"brahimelhoussainy50","author_link":"https:\/\/blog.elborjdomiciliation.com\/blog\/author\/brahimelhoussainy50\/"},"uagb_comment_info":0,"uagb_excerpt":"Bienvenue dans votre espace d\u00e9di\u00e9 \u00e0 l\u2019entrepreneuriat au Maroc Vous r\u00eavez de lancer votre propre entreprise au Maroc ? Le [&hellip;]","_links":{"self":[{"href":"https:\/\/blog.elborjdomiciliation.com\/blog\/wp-json\/wp\/v2\/pages\/564","targetHints":{"allow":["GET"]}}],"collection":[{"href":"https:\/\/blog.elborjdomiciliation.com\/blog\/wp-json\/wp\/v2\/pages"}],"about":[{"href":"https:\/\/blog.elborjdomiciliation.com\/blog\/wp-json\/wp\/v2\/types\/page"}],"author":[{"embeddable":true,"href":"https:\/\/blog.elborjdomiciliation.com\/blog\/wp-json\/wp\/v2\/users\/1"}],"replies":[{"embeddable":true,"href":"https:\/\/blog.elborjdomiciliation.com\/blog\/wp-json\/wp\/v2\/comments?post=564"}],"version-history":[{"count":22,"href":"https:\/\/blog.elborjdomiciliation.com\/blog\/wp-json\/wp\/v2\/pages\/564\/revisions"}],"predecessor-version":[{"id":1092,"href":"https:\/\/blog.elborjdomiciliation.com\/blog\/wp-json\/wp\/v2\/pages\/564\/revisions\/1092"}],"wp:featuredmedia":[{"embeddable":true,"href":"https:\/\/blog.elborjdomiciliation.com\/blog\/wp-json\/wp\/v2\/media\/33"}],"wp:attachment":[{"href":"https:\/\/blog.elborjdomiciliation.com\/blog\/wp-json\/wp\/v2\/media?parent=564"}],"curies":[{"name":"wp","href":"https:\/\/api.w.org\/{rel}","templated":true}]}}